{"id":1912,"date":"2024-04-08T02:06:39","date_gmt":"2024-04-08T05:06:39","guid":{"rendered":"https:\/\/www.sinduscon-joinville.org.br\/v2021\/?post_type=associado&#038;p=1912"},"modified":"2024-04-08T03:27:07","modified_gmt":"2024-04-08T06:27:07","slug":"cr-fernandes-engenharia","status":"publish","type":"associado","link":"https:\/\/www.sinduscon-joinville.org.br\/v2021\/associado\/cr-fernandes-engenharia\/","title":{"rendered":"CR Fernandes Engenharia"},"featured_media":1976,"parent":0,"menu_order":0,"template":"","class_list":["post-1912","associado","type-associado","status-publish","has-post-thumbnail","hentry","has-post-title","has-post-date","has-post-category","has-post-tag","has-post-comment","has-post-author",""],"ptb_metabox":{"ptb_associado_endere_o":"Rua Pl\u00e1cido Gomes, 45, Bucarein, Joinville\/SC\r\n","ptb_associado_area":"Constru\u00e7\u00e3o Civil e Incorpora\u00e7\u00e3o\r\n","ptb_associado_website":["crfernandes.com.br","http:\/\/www.crfernandes.com.br\/"],"ptb_associado_telefone":"47 3423.1843\r\n"},"ptb_taxonomy":[],"ptb_featured_image":{"url":"https:\/\/www.sinduscon-joinville.org.br\/v2021\/wp-content\/uploads\/2024\/04\/cr-fernandes-engenharia-associada-sinduscon-joinville-350x350-ok.jpg","title":"cr-fernandes-engenharia-associada-sinduscon-joinville-350x350-ok","caption":""},"_links":{"self":[{"href":"https:\/\/www.sinduscon-joinville.org.br\/v2021\/wp-json\/wp\/v2\/associado\/1912","targetHints":{"allow":["GET"]}}],"collection":[{"href":"https:\/\/www.sinduscon-joinville.org.br\/v2021\/wp-json\/wp\/v2\/associado"}],"about":[{"href":"https:\/\/www.sinduscon-joinville.org.br\/v2021\/wp-json\/wp\/v2\/types\/associado"}],"wp:featuredmedia":[{"embeddable":true,"href":"https:\/\/www.sinduscon-joinville.org.br\/v2021\/wp-json\/wp\/v2\/media\/1976"}],"wp:attachment":[{"href":"https:\/\/www.sinduscon-joinville.org.br\/v2021\/wp-json\/wp\/v2\/media?parent=1912"}],"curies":[{"name":"wp","href":"https:\/\/api.w.org\/{rel}","templated":true}]}}

Rua Plácido Gomes, 45, Bucarein, Joinville/SC

Construção Civil e Incorporação
