{"id":1923,"date":"2024-04-08T02:26:28","date_gmt":"2024-04-08T05:26:28","guid":{"rendered":"https:\/\/www.sinduscon-joinville.org.br\/v2021\/?post_type=associado&#038;p=1923"},"modified":"2024-04-08T02:26:28","modified_gmt":"2024-04-08T05:26:28","slug":"fontana-construtora","status":"publish","type":"associado","link":"https:\/\/www.sinduscon-joinville.org.br\/v2021\/associado\/fontana-construtora\/","title":{"rendered":"Fontana Construtora"},"featured_media":1924,"parent":0,"menu_order":0,"template":"","class_list":["post-1923","associado","type-associado","status-publish","has-post-thumbnail","hentry","has-post-title","has-post-date","has-post-category","has-post-tag","has-post-comment","has-post-author",""],"ptb_metabox":{"ptb_associado_endere_o":"Rua Domenico S\u00f4nego, 255, Santa B\u00e1rbara, Crici\u00fama\/SC\r\n","ptb_associado_area":"Constru\u00e7\u00e3o e Incorpora\u00e7\u00e3o\r\n","ptb_associado_website":["estilofontana.com.br","https:\/\/www.estilofontana.com.br\/"],"ptb_associado_telefone":"48 3461.8100\r\n"},"ptb_taxonomy":[],"ptb_featured_image":{"url":"https:\/\/www.sinduscon-joinville.org.br\/v2021\/wp-content\/uploads\/2024\/04\/fontana-associada-sinduscon-joinville-300x300-ok.jpg","title":"fontana-associada-sinduscon-joinville-300x300-ok","caption":""},"_links":{"self":[{"href":"https:\/\/www.sinduscon-joinville.org.br\/v2021\/wp-json\/wp\/v2\/associado\/1923","targetHints":{"allow":["GET"]}}],"collection":[{"href":"https:\/\/www.sinduscon-joinville.org.br\/v2021\/wp-json\/wp\/v2\/associado"}],"about":[{"href":"https:\/\/www.sinduscon-joinville.org.br\/v2021\/wp-json\/wp\/v2\/types\/associado"}],"wp:featuredmedia":[{"embeddable":true,"href":"https:\/\/www.sinduscon-joinville.org.br\/v2021\/wp-json\/wp\/v2\/media\/1924"}],"wp:attachment":[{"href":"https:\/\/www.sinduscon-joinville.org.br\/v2021\/wp-json\/wp\/v2\/media?parent=1923"}],"curies":[{"name":"wp","href":"https:\/\/api.w.org\/{rel}","templated":true}]}}

Rua Domenico Sônego, 255, Santa Bárbara, Criciúma/SC

Construção e Incorporação
