{"id":22,"date":"2019-11-14T13:48:47","date_gmt":"2019-11-14T13:48:47","guid":{"rendered":"https:\/\/themify.me\/demo\/themes\/ultra-construction\/?page_id=281"},"modified":"2025-01-17T14:47:39","modified_gmt":"2025-01-17T17:47:39","slug":"contato","status":"publish","type":"page","link":"https:\/\/www.sinduscon-joinville.org.br\/v2021\/contato\/","title":{"rendered":"Contato"},"content":{"rendered":"<!--themify_builder_content-->\n<div id=\"themify_builder_content-22\" data-postid=\"22\" class=\"themify_builder_content themify_builder_content-22 themify_builder tf_clear\">\n                    <div  data-lazy=\"1\" class=\"module_row themify_builder_row tb_ikh0261 tb_first tf_w\">\n            <span  class=\"builder_row_cover tf_abs\" data-lazy=\"1\"><\/span>            <div class=\"row_inner col_align_top tb_col_count_2 tf_box tf_rel\">\n                        <div  data-lazy=\"1\" class=\"module_column tb-column col3-2 tb_p3yk263 first\">\n                    <!-- module text -->\n<div  class=\"module module-text tb_6dr1263   \" data-lazy=\"1\">\n        <div  class=\"tb_text_wrap\">\n        <h1>Contato<\/h1>    <\/div>\n<\/div>\n<!-- \/module text -->        <\/div>\n                    <div  data-lazy=\"1\" class=\"module_column tb-column col3-1 tb_3psa264 last\">\n                            <\/div>\n                        <\/div>\n        <\/div>\n                        <div  data-lazy=\"1\" class=\"module_row themify_builder_row tb_ig3q460 tf_w\">\n                        <div class=\"row_inner col_align_top tb_col_count_1 tf_box tf_rel\">\n                        <div  data-lazy=\"1\" class=\"module_column tb-column col-full tb_2u8l460 first\">\n                            <div  data-lazy=\"1\" class=\"module_subrow themify_builder_sub_row tf_w col_align_bottom tb_col_count_2 tb_e5rh667\">\n                <div  data-lazy=\"1\" class=\"module_column sub_column col3-1 tb_0by6669 first\">\n                    <!-- module text -->\n<div  class=\"module module-text tb_zu8k332   \" data-lazy=\"1\">\n        <div  class=\"tb_text_wrap\">\n        <h3>Endere\u00e7o<\/h3>    <\/div>\n<\/div>\n<!-- \/module text -->        <\/div>\n                    <div  data-lazy=\"1\" class=\"module_column sub_column col3-2 tb_xgaj669 last\">\n                    <!-- module text -->\n<div  class=\"module module-text tb_z9tq778   \" data-lazy=\"1\">\n        <div  class=\"tb_text_wrap\">\n        <h3>Informa\u00e7\u00f5es para contato<\/h3>    <\/div>\n<\/div>\n<!-- \/module text --><!-- module text -->\n<div  class=\"module module-text tb_7drq954   \" data-lazy=\"1\">\n        <div  class=\"tb_text_wrap\">\n        <p>Av. Alu\u00edsio P\u00edres Condeixa, 2550 &#8211; 2\u00ba Andar \/ Sala 25<br \/>Sagua\u00e7u, Joinville &#8211; SC, 89221-750<\/p>    <\/div>\n<\/div>\n<!-- \/module text -->        <\/div>\n                    <\/div>\n                <div  data-lazy=\"1\" class=\"module_subrow themify_builder_sub_row tf_w col_align_top tb_col_count_2 tb_vuw5711\">\n                <div  data-lazy=\"1\" class=\"module_column sub_column col3-1 tb_t9ky641 first\">\n                    <!-- module text -->\n<div  class=\"module module-text tb_299s643   \" data-lazy=\"1\">\n        <div  class=\"tb_text_wrap\">\n        <h3>Telefone<\/h3>    <\/div>\n<\/div>\n<!-- \/module text -->        <\/div>\n                    <div  data-lazy=\"1\" class=\"module_column sub_column col3-2 tb_7ng3714 last\">\n                    <!-- module text -->\n<div  class=\"module module-text tb_i5za715   \" data-lazy=\"1\">\n        <div  class=\"tb_text_wrap\">\n        <p><strong>Fixo:<\/strong> 47 3407-6236<\/p>\n<p><strong>Whatsapp:<\/strong> 47 3461-3345<\/p>\n    <\/div>\n<\/div>\n<!-- \/module text -->        <\/div>\n                    <\/div>\n                <div  data-lazy=\"1\" class=\"module_subrow themify_builder_sub_row tf_w col_align_top tb_col_count_2 tb_pk0i61\">\n                <div  data-lazy=\"1\" class=\"module_column sub_column col3-1 tb_2g6a62 first\">\n                    <!-- module text -->\n<div  class=\"module module-text tb_yl3g63   \" data-lazy=\"1\">\n        <div  class=\"tb_text_wrap\">\n        <h3>Email<\/h3>    <\/div>\n<\/div>\n<!-- \/module text -->        <\/div>\n                    <div  data-lazy=\"1\" class=\"module_column sub_column col3-2 tb_kid263 last\">\n                    <!-- module icon -->\n<div  class=\"module module-icon tb_b917376   none icon_horizontal \" data-lazy=\"1\">\n\t\t\t<div class=\"module-icon-item\">\n\t\t\t\t\t\t\t<a href=\"http:\/\/imprensa@sinduscon-joinville.org.br\">\n\t\t\t\t\t\t\t\t\t\t\t\t\t\t\t\t\t<em class=\"tf_box\"\n\t\t\t\t\t\t\t\t\t\t\t\t\t\t\t\t\t><svg  class=\"tf_fa tf-ti-email\" aria-hidden=\"true\"><use href=\"#tf-ti-email\"><\/use><\/svg><\/em>\n\t\t\t\t\t\t\t\t\t\t\t\t\t\t\t\t\t\t\t<span>financeiro@sinduscon-joinville.org.br<\/span>\n\t\t\t\t\t\t\t\t\t\t\t\t\t\t\t\t\t<\/a>\n\t\t\t\t\t<\/div>\n\t<\/div>\n<!-- \/module icon -->\n        <\/div>\n                    <\/div>\n                <div  data-lazy=\"1\" class=\"module_subrow themify_builder_sub_row tf_w col_align_top tb_col_count_2 tb_cvne90\">\n                <div  data-lazy=\"1\" class=\"module_column sub_column col3-1 tb_m40c92 first\">\n                    <!-- module text -->\n<div  class=\"module module-text tb_8x8793   \" data-lazy=\"1\">\n        <div  class=\"tb_text_wrap\">\n        <h3>Redes sociais<\/h3>    <\/div>\n<\/div>\n<!-- \/module text -->        <\/div>\n                    <div  data-lazy=\"1\" class=\"module_column sub_column col3-2 tb_1iur93 last\">\n                    <!-- module icon -->\n<div  class=\"module module-icon tb_n99f94   none icon_vertical \" data-lazy=\"1\">\n\t\t\t<div class=\"module-icon-item\">\n\t\t\t\t\t\t\t<a href=\"https:\/\/pt-br.facebook.com\/sinduscon.joinville\/\" rel=\"noopener\" target=\"_blank\">\n\t\t\t\t\t\t\t\t\t\t\t\t\t\t\t\t\t<em class=\"tf_boxorange\"\n\t\t\t\t\t\t\t\t\t\t\t\t\t\t\t\t\t><svg  class=\"tf_fa tf-ti-facebook\" aria-hidden=\"true\"><use href=\"#tf-ti-facebook\"><\/use><\/svg><\/em>\n\t\t\t\t\t\t\t\t\t\t\t\t\t\t\t\t\t\t\t<span>Facebook<\/span>\n\t\t\t\t\t\t\t\t\t\t\t\t\t\t\t\t\t<\/a>\n\t\t\t\t\t<\/div>\n\t\t\t<div class=\"module-icon-item\">\n\t\t\t\t\t\t\t<a href=\"https:\/\/twitter.com\/sindusconjlle\" rel=\"noopener\" target=\"_blank\">\n\t\t\t\t\t\t\t\t\t\t\t\t\t\t\t\t\t<em class=\"tf_box\"\n\t\t\t\t\t\t\t\t\t\t\t\t\t\t\t\t\t><svg  class=\"tf_fa tf-ti-twitter-alt\" aria-hidden=\"true\"><use href=\"#tf-ti-twitter-alt\"><\/use><\/svg><\/em>\n\t\t\t\t\t\t\t\t\t\t\t\t\t\t\t\t\t\t\t<span>Twitter<\/span>\n\t\t\t\t\t\t\t\t\t\t\t\t\t\t\t\t\t<\/a>\n\t\t\t\t\t<\/div>\n\t\t\t<div class=\"module-icon-item\">\n\t\t\t\t\t\t\t<a href=\"https:\/\/www.instagram.com\/SindusconJlle\/\" rel=\"noopener\" target=\"_blank\">\n\t\t\t\t\t\t\t\t\t\t\t\t\t\t\t\t\t<em class=\"tf_box\"\n\t\t\t\t\t\t\t\t\t\t\t\t\t\t\t\t\t><svg  class=\"tf_fa tf-ti-instagram\" aria-hidden=\"true\"><use href=\"#tf-ti-instagram\"><\/use><\/svg><\/em>\n\t\t\t\t\t\t\t\t\t\t\t\t\t\t\t\t\t\t\t<span>Instagram<\/span>\n\t\t\t\t\t\t\t\t\t\t\t\t\t\t\t\t\t<\/a>\n\t\t\t\t\t<\/div>\n\t<\/div>\n<!-- \/module icon -->\n        <\/div>\n                    <\/div>\n                <\/div>\n                        <\/div>\n        <\/div>\n                        <div  data-lazy=\"1\" class=\"module_row themify_builder_row tb_lppw201 tf_w\">\n                        <div class=\"row_inner col_align_top tb_col_count_1 tf_box tf_rel\">\n                        <div  data-lazy=\"1\" class=\"module_column tb-column col-full tb_mdi6203 first\">\n                    <!-- module image -->\n<div  class=\"module module-image tb_lfng927 image-top drop-shadow  tf_mw\" data-lazy=\"1\">\n        <div class=\"image-wrap tf_rel tf_mw\">\n            <a href=\"https:\/\/goo.gl\/maps\/PWjz4hmGvvrTikPA6\" rel=\"noopener\" target=\"_blank\">\n                   <img loading=\"lazy\" decoding=\"async\" src=\"https:\/\/www.sinduscon-joinville.org.br\/v2021\/wp-content\/uploads\/2020\/07\/localizacao-sinduscon-joinville-02-1024x429-1160x486.jpg\" width=\"1160\" height=\"486\" class=\"wp-post-image wp-image-258\" title=\"localizacao-sinduscon-joinville-02\" alt=\"localizacao-sinduscon-joinville-02\" srcset=\"https:\/\/www.sinduscon-joinville.org.br\/v2021\/wp-content\/uploads\/2020\/07\/localizacao-sinduscon-joinville-02.jpg 1160w, https:\/\/www.sinduscon-joinville.org.br\/v2021\/wp-content\/uploads\/2020\/07\/localizacao-sinduscon-joinville-02-300x126.jpg 300w, https:\/\/www.sinduscon-joinville.org.br\/v2021\/wp-content\/uploads\/2020\/07\/localizacao-sinduscon-joinville-02-1024x429.jpg 1024w, https:\/\/www.sinduscon-joinville.org.br\/v2021\/wp-content\/uploads\/2020\/07\/localizacao-sinduscon-joinville-02-768x322.jpg 768w\" sizes=\"auto, (max-width: 1160px) 100vw, 1160px\" \/>        <\/a>\n    \n        <\/div>\n    <!-- \/image-wrap -->\n    \n        <\/div>\n<!-- \/module image -->        <\/div>\n                        <\/div>\n        <\/div>\n                        <div  data-lazy=\"1\" class=\"module_row themify_builder_row tb_vz1v844 tf_w\">\n                        <div class=\"row_inner col_align_top tb_col_count_1 tf_box tf_rel\">\n                        <div  data-lazy=\"1\" class=\"module_column tb-column col-full tb_u3io845 first\">\n                    <!-- module fancy heading -->\n<div  class=\"module module-fancy-heading tb_ulhh160 \" data-lazy=\"1\">\n        <h3 class=\"fancy-heading tf_textc\">\n    <span class=\"main-head tf_block\">\n                    Fale conosco            <\/span>\n\n    \n    <span class=\"sub-head tf_block tf_rel\">\n                    Responderemos o mais breve poss\u00edvel            <\/span>\n    <\/h3>\n<\/div>\n<!-- \/module fancy heading -->\n<!-- module text -->\n<div  class=\"module module-text tb_u0d744   \" data-lazy=\"1\">\n        <div  class=\"tb_text_wrap\">\n        <div class=\"wpforms-container wpforms-container-full\" id=\"wpforms-712\"><form id=\"wpforms-form-712\" class=\"wpforms-validate wpforms-form\" data-formid=\"712\" method=\"post\" enctype=\"multipart\/form-data\" action=\"\/v2021\/wp-json\/wp\/v2\/pages\/22\" data-token=\"8525ae688794167b95fe5964c2f23e6d\" data-token-time=\"1777381431\"><noscript class=\"wpforms-error-noscript\">Ative o JavaScript no seu navegador para preencher este formul\u00e1rio.<\/noscript><div class=\"wpforms-field-container\"><div id=\"wpforms-712-field_0-container\" class=\"wpforms-field wpforms-field-name\" data-field-id=\"0\"><label class=\"wpforms-field-label\">Nome <span class=\"wpforms-required-label\">*<\/span><\/label><div class=\"wpforms-field-row wpforms-field-medium\"><div class=\"wpforms-field-row-block wpforms-first wpforms-one-half\"><input type=\"text\" id=\"wpforms-712-field_0\" class=\"wpforms-field-name-first wpforms-field-required\" name=\"wpforms[fields][0][first]\" required><label for=\"wpforms-712-field_0\" class=\"wpforms-field-sublabel after\">Nome<\/label><\/div><div class=\"wpforms-field-row-block wpforms-one-half\"><input type=\"text\" id=\"wpforms-712-field_0-last\" class=\"wpforms-field-name-last wpforms-field-required\" name=\"wpforms[fields][0][last]\" required><label for=\"wpforms-712-field_0-last\" class=\"wpforms-field-sublabel after\">Sobrenome<\/label><\/div><\/div><\/div><div id=\"wpforms-712-field_1-container\" class=\"wpforms-field wpforms-field-email\" data-field-id=\"1\"><label class=\"wpforms-field-label\" for=\"wpforms-712-field_1\">E-mail <span class=\"wpforms-required-label\">*<\/span><\/label><input type=\"email\" id=\"wpforms-712-field_1\" class=\"wpforms-field-medium wpforms-field-required\" name=\"wpforms[fields][1]\" spellcheck=\"false\" required><\/div><div id=\"wpforms-712-field_2-container\" class=\"wpforms-field wpforms-field-textarea\" data-field-id=\"2\"><label class=\"wpforms-field-label\" for=\"wpforms-712-field_2\">Coment\u00e1rio ou Mensagem <span class=\"wpforms-required-label\">*<\/span><\/label><textarea id=\"wpforms-712-field_2\" class=\"wpforms-field-medium wpforms-field-required\" name=\"wpforms[fields][2]\" required><\/textarea><\/div><\/div><!-- .wpforms-field-container --><div class=\"wpforms-submit-container\" ><input type=\"hidden\" name=\"wpforms[id]\" value=\"712\"><input type=\"hidden\" name=\"page_title\" value=\"\"><input type=\"hidden\" name=\"page_url\" value=\"https:\/\/www.sinduscon-joinville.org.br\/v2021\/wp-json\/wp\/v2\/pages\/22\"><input type=\"hidden\" name=\"url_referer\" value=\"\"><button type=\"submit\" name=\"wpforms[submit]\" id=\"wpforms-submit-712\" class=\"wpforms-submit\" data-alt-text=\"Enviando...\" data-submit-text=\"Enviar\" aria-live=\"assertive\" value=\"wpforms-submit\">Enviar<\/button><\/div><\/form><\/div>  <!-- .wpforms-container -->\n    <\/div>\n<\/div>\n<!-- \/module text -->        <\/div>\n                        <\/div>\n        <\/div>\n        <\/div>\n<!--\/themify_builder_content-->","protected":false},"excerpt":{"rendered":"<p>Contato Endere\u00e7o Informa\u00e7\u00f5es para contato Av. Alu\u00edsio P\u00edres Condeixa, 2550 &#8211; 2\u00ba Andar \/ Sala 25Sagua\u00e7u, Joinville &#8211; SC, 89221-750 Telefone Fixo: 47 3407-6236 Whatsapp: 47 3461-3345 Email financeiro@sinduscon-joinville.org.br Redes sociais Facebook Twitter Instagram Fale conoscoResponderemos o mais breve poss\u00edvel<\/p>\n","protected":false},"author":1,"featured_media":0,"parent":0,"menu_order":0,"comment_status":"closed","ping_status":"closed","template":"","meta":{"footnotes":""},"class_list":["post-22","page","type-page","status-publish","hentry","has-post-title","has-post-date","has-post-category","has-post-tag","has-post-comment","has-post-author",""],"_links":{"self":[{"href":"https:\/\/www.sinduscon-joinville.org.br\/v2021\/wp-json\/wp\/v2\/pages\/22","targetHints":{"allow":["GET"]}}],"collection":[{"href":"https:\/\/www.sinduscon-joinville.org.br\/v2021\/wp-json\/wp\/v2\/pages"}],"about":[{"href":"https:\/\/www.sinduscon-joinville.org.br\/v2021\/wp-json\/wp\/v2\/types\/page"}],"author":[{"embeddable":true,"href":"https:\/\/www.sinduscon-joinville.org.br\/v2021\/wp-json\/wp\/v2\/users\/1"}],"replies":[{"embeddable":true,"href":"https:\/\/www.sinduscon-joinville.org.br\/v2021\/wp-json\/wp\/v2\/comments?post=22"}],"version-history":[{"count":36,"href":"https:\/\/www.sinduscon-joinville.org.br\/v2021\/wp-json\/wp\/v2\/pages\/22\/revisions"}],"predecessor-version":[{"id":2315,"href":"https:\/\/www.sinduscon-joinville.org.br\/v2021\/wp-json\/wp\/v2\/pages\/22\/revisions\/2315"}],"wp:attachment":[{"href":"https:\/\/www.sinduscon-joinville.org.br\/v2021\/wp-json\/wp\/v2\/media?parent=22"}],"curies":[{"name":"wp","href":"https:\/\/api.w.org\/{rel}","templated":true}]}}